[INFO] fetching crate fitsio 0.16.0...
[INFO] checking fitsio-0.16.0 against master#af3c6e733a40e671550e0f0f5aeecaa13772ba56 for pr-74989
[INFO] extracting crate fitsio 0.16.0 into /workspace/builds/worker-9/source
[INFO] validating manifest of crates.io crate fitsio 0.16.0 on toolchain af3c6e733a40e671550e0f0f5aeecaa13772ba56
[INFO] running `Command { std: "/workspace/cargo-home/bin/cargo" "+af3c6e733a40e671550e0f0f5aeecaa13772ba56" "read-manifest" "--manifest-path" "Cargo.toml", kill_on_drop: false }`
[INFO] started tweaking crates.io crate fitsio 0.16.0
[INFO] finished tweaking crates.io crate fitsio 0.16.0
[INFO] tweaked toml for crates.io crate fitsio 0.16.0 written to /workspace/builds/worker-9/source/Cargo.toml
[INFO] crate crates.io crate fitsio 0.16.0 already has a lockfile, it will not be regenerated
[INFO] running `Command { std: "/workspace/cargo-home/bin/cargo" "+af3c6e733a40e671550e0f0f5aeecaa13772ba56" "fetch" "--locked" "--manifest-path" "Cargo.toml", kill_on_drop: false }`
[INFO] [stderr]     Blocking waiting for file lock on package cache
[INFO] running `Command { std: "docker" "create" "-v" "/var/lib/crater-agent-workspace/builds/worker-9/target:/opt/rustwide/target:rw,Z" "-v" "/var/lib/crater-agent-workspace/builds/worker-9/source:/opt/rustwide/workdir:ro,Z" "-v" "/var/lib/crater-agent-workspace/cargo-home:/opt/rustwide/cargo-home:ro,Z" "-v" "/var/lib/crater-agent-workspace/rustup-home:/opt/rustwide/rustup-home:ro,Z" "-e" "SOURCE_DIR=/opt/rustwide/workdir" "-e" "CARGO_TARGET_DIR=/opt/rustwide/target" "-e" "CARGO_HOME=/opt/rustwide/cargo-home" "-e" "RUSTUP_HOME=/opt/rustwide/rustup-home" "-w" "/opt/rustwide/workdir" "-m" "1610612736" "--user" "0:0" "--network" "none" "rustops/crates-build-env@sha256:d92eaeed33fa75130ca1ee6c8a01d1ffb62bac859dfdfb3450e3e5d1c0146529" "/opt/rustwide/cargo-home/bin/cargo" "+af3c6e733a40e671550e0f0f5aeecaa13772ba56" "metadata" "--no-deps" "--format-version=1", kill_on_drop: false }`
[INFO] [stdout] 507cde7ed74794754ba428aef3f11676c82d0e7856783c240938cd8923753e8b
[INFO] [stderr] WARNING: Your kernel does not support swap limit capabilities or the cgroup is not mounted. Memory limited without swap.
[INFO] running `Command { std: "docker" "start" "-a" "507cde7ed74794754ba428aef3f11676c82d0e7856783c240938cd8923753e8b", kill_on_drop: false }`
[INFO] running `Command { std: "docker" "inspect" "507cde7ed74794754ba428aef3f11676c82d0e7856783c240938cd8923753e8b", kill_on_drop: false }`
[INFO] running `Command { std: "docker" "rm" "-f" "507cde7ed74794754ba428aef3f11676c82d0e7856783c240938cd8923753e8b", kill_on_drop: false }`
[INFO] [stdout] 507cde7ed74794754ba428aef3f11676c82d0e7856783c240938cd8923753e8b
[INFO] running `Command { std: "docker" "create" "-v" "/var/lib/crater-agent-workspace/builds/worker-9/target:/opt/rustwide/target:rw,Z" "-v" "/var/lib/crater-agent-workspace/builds/worker-9/source:/opt/rustwide/workdir:ro,Z" "-v" "/var/lib/crater-agent-workspace/cargo-home:/opt/rustwide/cargo-home:ro,Z" "-v" "/var/lib/crater-agent-workspace/rustup-home:/opt/rustwide/rustup-home:ro,Z" "-e" "SOURCE_DIR=/opt/rustwide/workdir" "-e" "CARGO_TARGET_DIR=/opt/rustwide/target" "-e" "CARGO_INCREMENTAL=0" "-e" "RUST_BACKTRACE=full" "-e" "RUSTFLAGS=--cap-lints=forbid" "-e" "CARGO_HOME=/opt/rustwide/cargo-home" "-e" "RUSTUP_HOME=/opt/rustwide/rustup-home" "-w" "/opt/rustwide/workdir" "-m" "1610612736" "--user" "0:0" "--network" "none" "rustops/crates-build-env@sha256:d92eaeed33fa75130ca1ee6c8a01d1ffb62bac859dfdfb3450e3e5d1c0146529" "/opt/rustwide/cargo-home/bin/cargo" "+af3c6e733a40e671550e0f0f5aeecaa13772ba56" "check" "--frozen" "--all" "--all-targets" "--message-format=json", kill_on_drop: false }`
[INFO] [stderr] WARNING: Your kernel does not support swap limit capabilities or the cgroup is not mounted. Memory limited without swap.
[INFO] [stdout] e972f2387b8cf6afc1f55854de95096d20d8568d04c344c042b67fb79f94e41d
[INFO] running `Command { std: "docker" "start" "-a" "e972f2387b8cf6afc1f55854de95096d20d8568d04c344c042b67fb79f94e41d", kill_on_drop: false }`
[INFO] [stderr]     Blocking waiting for file lock on package cache
[INFO] [stderr]    Compiling libc v0.2.68
[INFO] [stderr]     Checking lazy_static v1.4.0
[INFO] [stderr]     Checking cfg-if v0.1.10
[INFO] [stderr]    Compiling unicode-xid v0.1.0
[INFO] [stderr]    Compiling serde v1.0.89
[INFO] [stderr]    Compiling maybe-uninit v2.0.0
[INFO] [stderr]    Compiling bitflags v1.2.1
[INFO] [stderr]     Checking either v1.5.1
[INFO] [stderr]    Compiling proc-macro2 v0.4.27
[INFO] [stderr]    Compiling byteorder v1.3.1
[INFO] [stderr]    Compiling ryu v0.2.7
[INFO] [stderr]    Compiling version_check v0.9.1
[INFO] [stderr]    Compiling proc-macro2 v1.0.9
[INFO] [stderr]     Checking scopeguard v1.1.0
[INFO] [stderr]    Compiling pkg-config v0.3.14
[INFO] [stderr]     Checking itoa v0.4.3
[INFO] [stderr]    Compiling syn v0.15.29
[INFO] [stderr]    Compiling ryu v1.0.3
[INFO] [stderr]     Checking smallvec v0.6.9
[INFO] [stderr]    Compiling num-traits v0.2.6
[INFO] [stderr]     Checking unicode-xid v0.2.0
[INFO] [stderr]     Checking ppv-lite86 v0.2.6
[INFO] [stderr]    Compiling pulldown-cmark v0.7.0
[INFO] [stderr]     Checking unicode-width v0.1.5
[INFO] [stderr]    Compiling syn v1.0.17
[INFO] [stderr]     Checking same-file v1.0.4
[INFO] [stderr]     Checking cast v0.2.2
[INFO] [stderr]    Compiling memoffset v0.5.4
[INFO] [stderr]     Checking thread_local v1.0.1
[INFO] [stderr]    Compiling proc-macro2 v0.2.3
[INFO] [stderr]     Checking itertools v0.8.0
[INFO] [stderr]     Checking itertools v0.9.0
[INFO] [stderr]     Checking unicode-normalization v0.1.8
[INFO] [stderr]     Checking textwrap v0.11.0
[INFO] [stderr]     Checking walkdir v2.3.1
[INFO] [stderr]     Checking crossbeam-utils v0.7.2
[INFO] [stderr]     Checking aho-corasick v0.7.10
[INFO] [stderr]     Checking csv-core v0.1.10
[INFO] [stderr]    Compiling unicase v2.6.0
[INFO] [stderr]    Compiling quote v0.4.2
[INFO] [stderr]     Checking clap v2.33.0
[INFO] [stderr]     Checking crossbeam-queue v0.2.1
[INFO] [stderr]    Compiling syn v0.12.15
[INFO] [stderr]     Checking crossbeam-epoch v0.8.2
[INFO] [stderr]    Compiling fitsio-sys v0.3.0
[INFO] [stderr]     Checking regex-automata v0.1.9
[INFO] [stderr]     Checking quote v1.0.3
[INFO] [stderr]     Checking regex v1.3.5
[INFO] [stderr]    Compiling quote v0.6.11
[INFO] [stderr]     Checking crossbeam-deque v0.7.3
[INFO] [stderr]     Checking getrandom v0.1.14
[INFO] [stderr]     Checking num_cpus v1.10.0
[INFO] [stderr]     Checking atty v0.2.11
[INFO] [stderr]     Checking rayon-core v1.7.0
[INFO] [stderr]     Checking criterion-plot v0.4.1
[INFO] [stderr]     Checking rand_core v0.5.1
[INFO] [stderr]     Checking fitsio v0.16.0 (/opt/rustwide/workdir)
[INFO] [stderr]     Checking idna v0.2.0
[INFO] [stderr]     Checking rand_chacha v0.2.2
[INFO] [stderr]     Checking plotters v0.2.12
[INFO] [stderr]     Checking rayon v1.3.0
[INFO] [stderr]     Checking rand v0.7.3
[INFO] [stderr]     Checking url v2.1.1
[INFO] [stderr]     Checking tempfile v3.1.0
[INFO] [stderr]    Compiling fitsio-derive v0.1.0
[INFO] [stderr]    Compiling serde_derive v1.0.89
[INFO] [stderr]     Checking serde_json v1.0.39
[INFO] [stderr]     Checking bstr v0.2.12
[INFO] [stderr]     Checking toml v0.5.1
[INFO] [stderr]     Checking csv v1.1.3
[INFO] [stderr]     Checking version-sync v0.9.0
[INFO] [stderr]     Checking tinytemplate v1.0.1
[INFO] [stderr]     Checking criterion v0.3.1
[INFO] [stdout] error[E0412]: cannot find type `FitsHdu` in crate `fitsio`
[INFO] [stdout]  --> tests/test_custom_derive.rs:7:19
[INFO] [stdout]   |
[INFO] [stdout] 7 | #[derive(Default, FitsRow)]
[INFO] [stdout]   |                   ^^^^^^^ not found in `fitsio`
[INFO] [stdout]   |
[INFO] [stdout]   = note: this error originates in a derive macro (in Nightly builds, run with -Z macro-backtrace for more info)
[INFO] [stdout] 
[INFO] [stdout] 
[INFO] [stdout] error[E0412]: cannot find type `FitsHdu` in crate `fitsio`
[INFO] [stdout]    --> examples/full_example.rs:136:23
[INFO] [stdout]     |
[INFO] [stdout] 136 |     #[derive(Default, FitsRow)]
[INFO] [stdout]     |                       ^^^^^^^ not found in `fitsio`
[INFO] [stdout]     |
[INFO] [stdout]     = note: this error originates in a derive macro (in Nightly builds, run with -Z macro-backtrace for more info)
[INFO] [stdout] 
[INFO] [stdout] 
[INFO] [stdout] error: aborting due to previous error
[INFO] [stdout] 
[INFO] [stdout] 
[INFO] [stdout] For more information about this error, try `rustc --explain E0412`.
[INFO] [stdout] 
[INFO] [stderr] error: could not compile `fitsio`.
[INFO] [stderr] 
[INFO] [stderr] To learn more, run the command again with --verbose.
[INFO] [stderr] warning: build failed, waiting for other jobs to finish...
[INFO] [stdout] error: cannot find macro `criterion_group` in this scope
[INFO] [stdout]    --> benches/benchmarks.rs:162:1
[INFO] [stdout]     |
[INFO] [stdout] 162 | criterion::criterion_group!(benches, opening_files, full_example);
[INFO] [stdout]     | ^^^^^^^^^^^^^^^^^^^^^^^^^^^^^^^^^^^^^^^^^^^^^^^^^^^^^^^^^^^^^^^^^^
[INFO] [stdout]     |
[INFO] [stdout]     = note: this error originates in a macro (in Nightly builds, run with -Z macro-backtrace for more info)
[INFO] [stdout] 
[INFO] [stdout] 
[INFO] [stdout] error: aborting due to previous error
[INFO] [stdout] 
[INFO] [stdout] 
[INFO] [stdout] For more information about this error, try `rustc --explain E0412`.
[INFO] [stdout] 
[INFO] [stdout] error[E0433]: failed to resolve: use of undeclared type or module `TempDir`
[INFO] [stdout]   --> benches/benchmarks.rs:23:19
[INFO] [stdout]    |
[INFO] [stdout] 23 |     let tmp_dir = TempDir::new("fitsio").unwrap();
[INFO] [stdout]    |                   ^^^^^^^ not found in this scope
[INFO] [stdout]    |
[INFO] [stdout] help: consider importing this struct
[INFO] [stdout]    |
[INFO] [stdout] 1  | use tempfile::TempDir;
[INFO] [stdout]    |
[INFO] [stdout] 
[INFO] [stdout] 
[INFO] [stdout] error[E0412]: cannot find type `FitsHdu` in crate `fitsio`
[INFO] [stdout]    --> benches/benchmarks.rs:148:31
[INFO] [stdout]     |
[INFO] [stdout] 148 |             #[derive(Default, FitsRow)]
[INFO] [stdout]     |                               ^^^^^^^ not found in `fitsio`
[INFO] [stdout]     |
[INFO] [stdout]     = note: this error originates in a derive macro (in Nightly builds, run with -Z macro-backtrace for more info)
[INFO] [stdout] 
[INFO] [stdout] 
[INFO] [stdout] error[E0425]: cannot find function `benches` in this scope
[INFO] [stdout]    --> benches/benchmarks.rs:163:28
[INFO] [stdout]     |
[INFO] [stdout] 163 | criterion::criterion_main!(benches);
[INFO] [stdout]     |                            ^^^^^^^ not found in this scope
[INFO] [stdout] 
[INFO] [stdout] 
[INFO] [stdout] warning: unused import: `tempfile::Builder`
[INFO] [stdout]  --> benches/benchmarks.rs:6:5
[INFO] [stdout]   |
[INFO] [stdout] 6 | use tempfile::Builder;
[INFO] [stdout]   |     ^^^^^^^^^^^^^^^^^
[INFO] [stdout]   |
[INFO] [stdout]   = note: `#[warn(unused_imports)]` on by default
[INFO] [stdout] 
[INFO] [stdout] 
[INFO] [stdout] error: aborting due to 4 previous errors; 1 warning emitted
[INFO] [stdout] 
[INFO] [stdout] 
[INFO] [stdout] Some errors have detailed explanations: E0412, E0425, E0433.
[INFO] [stdout] 
[INFO] [stdout] For more information about an error, try `rustc --explain E0412`.
[INFO] [stdout] 
[INFO] [stderr] error: build failed
[INFO] running `Command { std: "docker" "inspect" "e972f2387b8cf6afc1f55854de95096d20d8568d04c344c042b67fb79f94e41d", kill_on_drop: false }`
[INFO] running `Command { std: "docker" "rm" "-f" "e972f2387b8cf6afc1f55854de95096d20d8568d04c344c042b67fb79f94e41d", kill_on_drop: false }`
[INFO] [stdout] e972f2387b8cf6afc1f55854de95096d20d8568d04c344c042b67fb79f94e41d
